{"id":25874,"date":"2025-09-22T06:38:58","date_gmt":"2025-09-22T04:38:58","guid":{"rendered":"https:\/\/www.animateka.si\/2025\/?page_id=25874"},"modified":"2025-09-22T06:42:41","modified_gmt":"2025-09-22T04:42:41","slug":"slonov-tekmovalni-program-ii","status":"publish","type":"page","link":"https:\/\/www.animateka.si\/2025\/program\/slonov-tekmovalni-program-ii\/","title":{"rendered":"Slonov tekmovalni program II"},"content":{"rendered":"<p>[vc_row][vc_column width=&#8221;1\/2&#8243;][vc_single_image image=&#8221;25876&#8243; img_size=&#8221;large&#8221;][\/vc_column][vc_column width=&#8221;1\/2&#8243;][vc_column_text]<span style=\"font-size: small;\"><span lang=\"en-GB\"><b>Aha! \/ Eureka!<\/b><\/span><\/span><\/p>\n<p><span style=\"font-size: small;\"><span lang=\"en-GB\">Kris Borghs (Fabrique Fantastique)<\/span><\/span><\/p>\n<p><span style=\"font-size: small;\"><span lang=\"en-GB\">Belgija, 2024, 9\u201954\u201d<\/span><\/span><\/p>\n<p><span style=\"font-size: small;\"><span lang=\"sl-SI\">Vesoljska prijatelja potujeta po galaksiji, da bi delila svoja tehnolo\u0161ka odkritja z manj genialnimi bitji. Toda na nekem nenavadnem planetu ne gre vse po na\u010drtu.<\/span><\/span>[\/vc_column_text][\/vc_column][\/vc_row][vc_row][vc_column width=&#8221;1\/2&#8243;][vc_single_image image=&#8221;25878&#8243; img_size=&#8221;large&#8221;][\/vc_column][vc_column width=&#8221;1\/2&#8243;][vc_column_text]<span style=\"font-size: small;\"><span lang=\"en-GB\"><b>Legenda o kolibriju \/ La L\u00e9gende du colibri \/ The Legend of the Hummingbird<\/b><\/span><\/span><\/p>\n<p><span style=\"font-size: small;\"><span lang=\"en-GB\">Morgan Devos (Folimage)<\/span><\/span><\/p>\n<p><span style=\"font-size: small;\"><span lang=\"en-GB\">Francija, 2025, 9\u201930\u201d<\/span><\/span><\/p>\n<p><span style=\"font-size: small;\"><span lang=\"sl-SI\">V amazonskem pragozdu izbruhne po\u017ear in prestra\u0161ene \u017eivali zbe\u017eijo iz svojih bivali\u0161\u010d na drugi breg reke. Le droben kolibri se bojuje z ognjem, takrat pa opazi lenivca z mladi\u010dem, ki sta ujeta v plamenih.<\/span><\/span>[\/vc_column_text][\/vc_column][\/vc_row][vc_row][vc_column width=&#8221;1\/2&#8243;][vc_single_image image=&#8221;25880&#8243; img_size=&#8221;large&#8221;][\/vc_column][vc_column width=&#8221;1\/2&#8243;][vc_column_text]<span style=\"font-size: small;\"><span lang=\"en-GB\"><b>Na\u0161el sem \u0161katlo \/ J&#8217;ai trouv\u00e9 une bo\u00eete \/ I Found a Box<\/b><\/span><\/span><\/p>\n<p><span style=\"font-size: small;\"><span lang=\"en-GB\">Eric Montchaud (Sacrebleu Productions)<\/span><\/span><\/p>\n<p><span style=\"font-size: small;\"><span lang=\"en-GB\">Francija, 2025, 9\u2019<\/span><\/span><\/p>\n<p><span style=\"font-size: small;\"><span lang=\"sl-SI\">Pti\u010d Guy nekega dne med tekom po gozdu naleti na \u0161katlo. In Guy se vpra\u0161a: \u00bbKaj neki bi lahko s to \u0161katlo po\u010del?\u00ab<\/span><\/span>[\/vc_column_text][\/vc_column][\/vc_row][vc_row][vc_column width=&#8221;1\/2&#8243;][vc_single_image image=&#8221;25882&#8243; img_size=&#8221;large&#8221;][\/vc_column][vc_column width=&#8221;1\/2&#8243;][vc_column_text]<span style=\"font-size: small;\"><span lang=\"en-GB\"><b>Bobelova kuhinja \/ Bobel&#8217;s Kitchen<\/b><\/span><\/span><\/p>\n<p><span style=\"font-size: small;\"><span lang=\"en-GB\">Fiona Rolland (Atelier de production de la Cambre)<\/span><\/span><\/p>\n<p><span style=\"font-size: small;\"><span lang=\"en-GB\">Belgija, 2024, 10\u2019<\/span><\/span><\/p>\n<p><span style=\"font-size: small;\"><span lang=\"sl-SI\">Bobel, strupena mu\u0161nica, sanja o tem, da bi kuhal na va\u0161ki tr\u017enici. A glede na predsodke va\u0161\u010danov bo to te\u017eka naloga.<\/span><\/span>[\/vc_column_text][\/vc_column][\/vc_row][vc_row][vc_column width=&#8221;1\/2&#8243;][vc_single_image image=&#8221;25885&#8243; img_size=&#8221;large&#8221;][\/vc_column][vc_column width=&#8221;1\/2&#8243;][vc_column_text]<span style=\"font-size: small;\"><span lang=\"en-GB\"><b>Pred vrati, na predpra\u017eniku \/ Vor meiner T\u00fcr auf einer Matte \/ On the Mat Outside my Door<\/b><\/span><\/span><\/p>\n<p><span style=\"font-size: small;\"><span lang=\"en-GB\">Antje Heyn (<\/span><\/span><span lang=\"en-GB\">Protoplanet Studio<\/span><span style=\"font-size: small;\"><span lang=\"en-GB\">)<\/span><\/span><\/p>\n<p><span style=\"font-size: small;\"><span lang=\"en-GB\">Nem\u010dija, 2025, 4\u201944\u201d<\/span><\/span><\/p>\n<p><span style=\"font-size: small;\"><span lang=\"sl-SI\">K na\u0161emu junaku se priseli orja\u0161ka nagajiva podgana. \u017dvi\u017ega ob zvoku radia, poseda po hladilniku, \u010dofota po kadi in je preprosto povsod \u2013 glasna, nadle\u017ena, neumorna. Ko nenadoma izgine, junak ugotovi, da v stanovanju \u0161e nikoli ni bilo tako tiho \u2013 in tako prazno.<\/span><\/span>[\/vc_column_text][\/vc_column][\/vc_row]<\/p>\n","protected":false},"excerpt":{"rendered":"<p>[vc_row][vc_column width=&#8221;1\/2&#8243;][vc_single_image image=&#8221;25876&#8243; img_size=&#8221;large&#8221;][\/vc_column][vc_column width=&#8221;1\/2&#8243;][vc_column_text]Aha! \/ Eureka! Kris Borghs (Fabrique Fantastique) Belgija, 2024, 9\u201954\u201d Vesoljska prijatelja potujeta po galaksiji, da bi delila svoja tehnolo\u0161ka odkritja z manj genialnimi bitji. Toda na nekem nenavadnem planetu ne gre vse po na\u010drtu.[\/vc_column_text][\/vc_column][\/vc_row][vc_row][vc_column width=&#8221;1\/2&#8243;][vc_single_image image=&#8221;25878&#8243; img_size=&#8221;large&#8221;][\/vc_column][vc_column width=&#8221;1\/2&#8243;][vc_column_text]Legenda o kolibriju \/ La L\u00e9gende du colibri&nbsp;[&hellip;]<\/p>\n","protected":false},"author":1,"featured_media":0,"parent":25871,"menu_order":0,"comment_status":"closed","ping_status":"closed","template":"","meta":[],"acf":[],"_links":{"self":[{"href":"https:\/\/www.animateka.si\/2025\/wp-json\/wp\/v2\/pages\/25874"}],"collection":[{"href":"https:\/\/www.animateka.si\/2025\/wp-json\/wp\/v2\/pages"}],"about":[{"href":"https:\/\/www.animateka.si\/2025\/wp-json\/wp\/v2\/types\/page"}],"author":[{"embeddable":true,"href":"https:\/\/www.animateka.si\/2025\/wp-json\/wp\/v2\/users\/1"}],"replies":[{"embeddable":true,"href":"https:\/\/www.animateka.si\/2025\/wp-json\/wp\/v2\/comments?post=25874"}],"version-history":[{"count":4,"href":"https:\/\/www.animateka.si\/2025\/wp-json\/wp\/v2\/pages\/25874\/revisions"}],"predecessor-version":[{"id":27016,"href":"https:\/\/www.animateka.si\/2025\/wp-json\/wp\/v2\/pages\/25874\/revisions\/27016"}],"up":[{"embeddable":true,"href":"https:\/\/www.animateka.si\/2025\/wp-json\/wp\/v2\/pages\/25871"}],"wp:attachment":[{"href":"https:\/\/www.animateka.si\/2025\/wp-json\/wp\/v2\/media?parent=25874"}],"curies":[{"name":"wp","href":"https:\/\/api.w.org\/{rel}","templated":true}]}}