{"id":26010,"date":"2025-11-04T11:40:38","date_gmt":"2025-11-04T10:40:38","guid":{"rendered":"https:\/\/www.animateka.si\/2025\/?page_id=26010"},"modified":"2025-11-07T14:38:45","modified_gmt":"2025-11-07T13:38:45","slug":"produkcijska-delavnica","status":"publish","type":"page","link":"https:\/\/www.animateka.si\/2025\/produkcijska-delavnica\/","title":{"rendered":"Produkcijska delavnica"},"content":{"rendered":"<p>[vc_row css=&#8221;.vc_custom_1604469580079{margin-right: 5px !important;margin-left: 5px !important;}&#8221;][vc_column][vc_empty_space height=&#8221;40px&#8221;][vc_custom_heading source=&#8221;post_title&#8221; font_container=&#8221;tag:h2|text_align:center&#8221; use_theme_fonts=&#8221;yes&#8221; link=&#8221;|||&#8221;][vc_empty_space height=&#8221;20px&#8221;][vc_separator][\/vc_column][\/vc_row][vc_row][vc_column width=&#8221;1\/2&#8243;][vc_single_image image=&#8221;26011&#8243; img_size=&#8221;large&#8221;][vc_single_image image=&#8221;26014&#8243; img_size=&#8221;medium&#8221; alignment=&#8221;center&#8221;][\/vc_column][vc_column width=&#8221;1\/2&#8243;][vc_column_text]<strong>Lutke za stop animacijo z Leonom Vidmarjem<br \/>\n<\/strong><\/p>\n<p>24\/11\u201328\/11<br \/>\n15.00\u201319.00<br \/>\nSlovenska Kinoteka<br \/>\nStarost: 15+<br \/>\nMentor: Leon Vidmar<br \/>\nAsistentka: Jelena Dragutinovi\u0107<\/p>\n<p>Na delavnici bomo po metodi naredi sam-a (DIY) ustvarili unikatne lutke, ki bodo za\u017eivele v lutkovnem (stop motion) animiranem filmu. Udele\u017eenci se bodo seznanili z osnovami na\u010drtovanja, izdelave ogrodja (t. i. armature), oblikovanja telesa in obraznih izrazov lutk. Uporabljali bomo razli\u010dne materiale, kot so \u017eica, filc, plastelin, tkanine itn. Delavnica je odli\u010dna prilo\u017enost za vse, ki jih zanimata animacija in ro\u010dno ustvarjanje ter \u017eelijo s svojo domi\u0161ljijo ustvariti gibljivo sliko.<\/p>\n<p>Leon Vidmar je diplomiral na Akademiji za likovno umetnost in oblikovanje v Ljubljani. S svojim kratkim animiranim filmom <em>(Ne)strpnost<\/em>, ki ga je ustvaril kot scenarist, re\u017eiser, scenograf in animator, se je prvi\u010d predstavil na festivalih Balkanima in Animateka (2010). Dodatna znanja je pridobil na \u0161tudentskih izmenjavah v tujini, vklju\u010dno s Poljsko in Dansko. Leta 2013 je kot asistent animatorja sodeloval pri kratkem lutkovnem filmu <em>KOYAA \u2013 Ro\u017ea,<\/em> nato pa s \u0160pelo \u010cade\u017e pri filmu Boles in povzetku Netflixove serije Oran\u017ena je nova \u010drna. Njegov profesionalni prvenec, kratki lutkovni film <em>Slovo<\/em>, je bil premierno prikazan na Festivalu slovenskega filma 2016, kjer je prejel nagrado vesna za najbolj\u0161o animacijo. Film je bil prikazan na ve\u010d kot osemdesetih festivalih, prejel pa je sedem nagrad, vklju\u010dno z glavno nagrado na festivalih Chilemonos in StopTrik. Vidmar je nadaljeval sodelovanje z Zavodom ZVVIKS pri filmu <em>(Ne)za\u017eelene re\u010di: V\u010deraj\u0161nji \u010dasopis<\/em>, pri delu celove\u010derca <em>Zgodbe iz \u010darobnega vrta<\/em>, ki je prejel ve\u010d mednarodnih nagrad, vklju\u010dno z nagrado za razvoj sklada Eurimages. Film je imel svetovno premiero na Berlinalu 2025. Trenutno je v produkciji njegov novi kratkometra\u017eec Kriva pota\/Mia, ki sta ga podprla Slovenski filmski center in RTV Slovenija.<\/p>\n<p><strong><a href=\"https:\/\/forms.gle\/TTnwzxz1RswnN1q59\">PRIJAVNICA<\/a><br \/>\n<\/strong><br \/>\nINFO: <a href=\"mailto:jelena.dragutinovic@animateka.si\">jelena.dragutinovic@animateka.si<\/a><br \/>\nDO: 23\/11 ali do zapolnitve mest[\/vc_column_text][\/vc_column][\/vc_row]<\/p>\n","protected":false},"excerpt":{"rendered":"<p>[vc_row css=&#8221;.vc_custom_1604469580079{margin-right: 5px !important;margin-left: 5px !important;}&#8221;][vc_column][vc_empty_space height=&#8221;40px&#8221;][vc_custom_heading source=&#8221;post_title&#8221; font_container=&#8221;tag:h2|text_align:center&#8221; use_theme_fonts=&#8221;yes&#8221; link=&#8221;|||&#8221;][vc_empty_space height=&#8221;20px&#8221;][vc_separator][\/vc_column][\/vc_row][vc_row][vc_column width=&#8221;1\/2&#8243;][vc_single_image image=&#8221;26011&#8243; img_size=&#8221;large&#8221;][vc_single_image image=&#8221;26014&#8243; img_size=&#8221;medium&#8221; alignment=&#8221;center&#8221;][\/vc_column][vc_column width=&#8221;1\/2&#8243;][vc_column_text]Lutke za stop animacijo z Leonom Vidmarjem 24\/11\u201328\/11 15.00\u201319.00 Slovenska Kinoteka Starost: 15+ Mentor: Leon Vidmar Asistentka: Jelena Dragutinovi\u0107 Na delavnici bomo po metodi naredi sam-a (DIY) ustvarili unikatne lutke, ki bodo&nbsp;[&hellip;]<\/p>\n","protected":false},"author":83,"featured_media":26011,"parent":0,"menu_order":0,"comment_status":"closed","ping_status":"closed","template":"page-templates\/template_page-builder.php","meta":[],"acf":[],"_links":{"self":[{"href":"https:\/\/www.animateka.si\/2025\/wp-json\/wp\/v2\/pages\/26010"}],"collection":[{"href":"https:\/\/www.animateka.si\/2025\/wp-json\/wp\/v2\/pages"}],"about":[{"href":"https:\/\/www.animateka.si\/2025\/wp-json\/wp\/v2\/types\/page"}],"author":[{"embeddable":true,"href":"https:\/\/www.animateka.si\/2025\/wp-json\/wp\/v2\/users\/83"}],"replies":[{"embeddable":true,"href":"https:\/\/www.animateka.si\/2025\/wp-json\/wp\/v2\/comments?post=26010"}],"version-history":[{"count":8,"href":"https:\/\/www.animateka.si\/2025\/wp-json\/wp\/v2\/pages\/26010\/revisions"}],"predecessor-version":[{"id":26024,"href":"https:\/\/www.animateka.si\/2025\/wp-json\/wp\/v2\/pages\/26010\/revisions\/26024"}],"wp:featuredmedia":[{"embeddable":true,"href":"https:\/\/www.animateka.si\/2025\/wp-json\/wp\/v2\/media\/26011"}],"wp:attachment":[{"href":"https:\/\/www.animateka.si\/2025\/wp-json\/wp\/v2\/media?parent=26010"}],"curies":[{"name":"wp","href":"https:\/\/api.w.org\/{rel}","templated":true}]}}