{"id":17648,"date":"2022-12-27T07:57:08","date_gmt":"2022-12-27T06:57:08","guid":{"rendered":"https:\/\/www.animateka.si\/2026\/?page_id=17648"},"modified":"2025-11-11T21:40:10","modified_gmt":"2025-11-11T20:40:10","slug":"podari","status":"publish","type":"page","link":"https:\/\/www.animateka.si\/2026\/podari\/","title":{"rendered":"Podari"},"content":{"rendered":"<p>[vc_row css=&#8221;.vc_custom_1605548223002{margin-right: 5px !important;margin-left: 5px !important;}&#8221;][vc_column][vc_row_inner][vc_column_inner][vc_empty_space height=&#8221;40px&#8221;][vc_custom_heading text=&#8221;Namenite 1% dohodnine za Animateko&#8221; font_container=&#8221;tag:h2|text_align:center&#8221; use_theme_fonts=&#8221;yes&#8221;][vc_empty_space height=&#8221;40px&#8221;][vc_column_text]<\/p>\n<div class=\"ce_text block\">\n<p>Vsako leto si dr\u017eava 1 odstotka va\u0161e \u017ee pla\u010dane dohodnine tiho in neopa\u017eeno spravi v svoj \u017eep &#8211; dr\u017eavno blagajno. Ste vedeli, da lahko ta 1 odstotek iz dr\u017eavne blagajne preprosto in brezpla\u010dno preusmerite v \u017eep ene od organizacij, ki jih imate radi?<\/p>\n<p>Na tem seznamu upravi\u010dencev do donacij je tudi Animateka!<\/p>\n<p>V skladu z <a href=\"http:\/\/www.pisrs.si\/Pis.web\/pregledPredpisa?id=ZAKO4697\">Zakonom o dohodnini (ZDoh-2)<\/a> in <a href=\"http:\/\/www.durs.gov.si\/fileadmin\/durs.gov.si\/pageuploads\/Davki-predpisi_in_pojasnila\/Dohodnina\/Uredba_o_namenitvi_dela_dohodnine.pdf\">Uredbo o namenitvi dela dohodnine za donacije<\/a>, je <strong>DRU\u0160TVO ZA O\u017dIVLJANJE ZGODBE 2 KOLUTA <\/strong>upravi\u010deno, da mu dav\u010dni zavezanci lahko namenijo do 1,0 % odmerjene dohodnine .<\/p>\n<p>Donacija dohodnine se vam ne bo prav nikjer poznala (odmera dohodnine se ne spremeni), mi pa je bomo zelo veseli, saj bomo lahko \u0161e naprej skrbeli za to, da vsaj enkrat, \u010de ne ve\u010dkrat na leto, v kino pripeljemo najbolj\u0161e animirane filme z vsega sveta! Pa delavnice! In razstave! In predavanja! In okrogle mize!<\/p>\n<p>Zahtevo o namenitvi dela dohodnine lahko oddamo na pristojnem dav\u010dnem uradu oziroma izpostavi:<\/p>\n<p>&#8211; pisno ali ustno na zapisnik pri dav\u010dnem organu med uradnimi urami,<br \/>\n&#8211; s posebnim obrazcem Zahteva za namenitev dela dohodnine za donacije po po\u0161ti<br \/>\n&#8211; kadarkoli prek sistema eDavki na spletni stani <a href=\"http:\/\/edavki.durs.si\/\">http:\/\/edavki.durs.si<\/a>. (Izpolni\u0161 obrazec <strong>Doh-Don &#8211; Zahteva za namenitev dela dohodnine za donacije<\/strong>.)<\/p>\n<p>Potrebujete naslednje podatke:<\/p>\n<p>Ime oz. naziv upravi\u010denca: <strong>DRU\u0160TVO ZA O\u017dIVLJANJE ZGODBE 2 KOLUTA<\/strong><br \/>\nDav\u010dna \u0161tevilka: <strong>33976155<\/strong><br \/>\nOdstotek (%): <strong>1,0<\/strong><\/p>\n<p><strong>Lahko pa enostavno in hitro izpolnite spodnji obrazec z zahtevo za namembo dohodnine, ga natisnete, podpi\u0161ete in po\u0161ljete na va\u0161 dav\u010dni urad oziroma izpostavo.<\/strong><\/p>\n<p>Dav\u010dni organ upo\u0161teva veljavne zahteve, s katerimi razpolaga na dan 31. decembra leta, za katero se dohodnina odmerja. Zahteva velja do trenutka, ko dav\u010dni organ prejeme novo zahtevo ali preklic zahteve.<\/p>\n<p>Hvala za va\u0161ih 1%!<\/p>\n<\/div>\n<p>[\/vc_column_text][\/vc_column_inner][\/vc_row_inner][\/vc_column][\/vc_row][vc_row][vc_column][vc_raw_html]JTNDaWZyYW1lJTIwaWQlM0QlMjJlbnByb2NlbnRfaWZyYW1lJTIyJTIwZnJhbWVib3JkZXIlM0QlMjIwJTIyJTIwd2lkdGglM0QlMjI4MDAlMjIlMjBoZWlnaHQlM0QlMjI2MDAlMjIlMjBzdHlsZSUzRCUyMm1heC13aWR0aCUzQTEwMCUyNSUzQiUyMiUyMHNyYyUzRCUyMmh0dHBzJTNBJTJGJTJGd3d3LmNudm9zLnNpJTJGZW5wcm9jZW50JTJGZW1iZWQlMkZ2MiUyRiUzRmFkZHJlc3MlM0RUUkclMjUyMFBSRUtPTU9SU0tJSCUyNTIwQlJJR0FEJTI1MjAxJTI2Y2l0eSUzRExqdWJsamFuYSUyNm5hbWUlM0REUlUlMjVDNSUyNUEwVFZPJTI1MjBaQSUyNTIwTyUyNUM1JTI1QkRJVkxKQU5KRSUyNTIwWkdPREJFJTI1MjAyJTI1MjBLT0xVVEElMjZwZXJjZW50JTNEMS4wJTI2cG9zdGFsQ29kZSUzRDEwMDAlMjZ0YXhOdW1iZXIlM0QzMzk3NjE1NSUyMiUzRSUzQyUyRmlmcmFtZSUzRSUzQ3NjcmlwdCUyMHNyYyUzRCUyMmh0dHBzJTNBJTJGJTJGY2RuanMuY2xvdWRmbGFyZS5jb20lMkZhamF4JTJGbGlicyUyRmlmcmFtZS1yZXNpemVyJTJGNC4zLjIlMkZpZnJhbWVSZXNpemVyLm1pbi5qcyUyMiUzRSUzQyUyRnNjcmlwdCUzRSUzQ3NjcmlwdCUzRWlGcmFtZVJlc2l6ZSUyOCU3QmNoZWNrT3JpZ2luJTNBZmFsc2UlN0QlMkMlMjclMjNlbnByb2NlbnRfaWZyYW1lJTI3JTI5JTNCJTNDJTJGc2NyaXB0JTNF[\/vc_raw_html][\/vc_column][\/vc_row]<\/p>\n","protected":false},"excerpt":{"rendered":"<p>[vc_row css=&#8221;.vc_custom_1605548223002{margin-right: 5px !important;margin-left: 5px !important;}&#8221;][vc_column][vc_row_inner][vc_column_inner][vc_empty_space height=&#8221;40px&#8221;][vc_custom_heading text=&#8221;Namenite 1% dohodnine za Animateko&#8221; font_container=&#8221;tag:h2|text_align:center&#8221; use_theme_fonts=&#8221;yes&#8221;][vc_empty_space height=&#8221;40px&#8221;][vc_column_text] Vsako leto si dr\u017eava 1 odstotka va\u0161e \u017ee pla\u010dane dohodnine tiho in neopa\u017eeno spravi v svoj \u017eep &#8211; dr\u017eavno blagajno. Ste vedeli, da lahko ta 1 odstotek iz dr\u017eavne blagajne preprosto in brezpla\u010dno preusmerite v&nbsp;[&hellip;]<\/p>\n","protected":false},"author":1,"featured_media":26295,"parent":0,"menu_order":0,"comment_status":"closed","ping_status":"closed","template":"page-templates\/template_page-builder.php","meta":[],"acf":[],"_links":{"self":[{"href":"https:\/\/www.animateka.si\/2026\/wp-json\/wp\/v2\/pages\/17648"}],"collection":[{"href":"https:\/\/www.animateka.si\/2026\/wp-json\/wp\/v2\/pages"}],"about":[{"href":"https:\/\/www.animateka.si\/2026\/wp-json\/wp\/v2\/types\/page"}],"author":[{"embeddable":true,"href":"https:\/\/www.animateka.si\/2026\/wp-json\/wp\/v2\/users\/1"}],"replies":[{"embeddable":true,"href":"https:\/\/www.animateka.si\/2026\/wp-json\/wp\/v2\/comments?post=17648"}],"version-history":[{"count":10,"href":"https:\/\/www.animateka.si\/2026\/wp-json\/wp\/v2\/pages\/17648\/revisions"}],"predecessor-version":[{"id":21622,"href":"https:\/\/www.animateka.si\/2026\/wp-json\/wp\/v2\/pages\/17648\/revisions\/21622"}],"wp:featuredmedia":[{"embeddable":true,"href":"https:\/\/www.animateka.si\/2026\/wp-json\/wp\/v2\/media\/26295"}],"wp:attachment":[{"href":"https:\/\/www.animateka.si\/2026\/wp-json\/wp\/v2\/media?parent=17648"}],"curies":[{"name":"wp","href":"https:\/\/api.w.org\/{rel}","templated":true}]}}